, 42491
List the prime factors of 3515660900.
2, 5, 211, 166619
What are the prime factors of 1094563520?
2, 5, 97, 179, 197
What are the prime factors of 1979553268?
2, 7, 11, 6427121
What are the prime factors of 94457263?
29, 37, 47, 1873
List the prime factors of 59760440.
2, 5, 17, 23, 3821
What are the prime factors of 142713613?
7, 73, 181, 1543
What are the prime factors of 602338160?
2, 5, 7529227
List the prime factors of 50409605.
5, 101, 173, 577
What are the prime factors of 48167206?
2, 24083603
List the prime factors of 1879412058.
2, 3, 863, 4481
List the prime factors of 130319589.
3, 139, 312517
What are the prime factors of 98189268?
2, 3, 37, 281, 787
What are the prime factors of 222913504?
2, 11, 503, 1259
List the prime factors of 766101812.
2, 7, 19, 167, 8623
List the prime factors of 68898125.
5, 110237
List the prime factors of 85218743.
19, 236063
List the prime factors of 1530742984.
2, 37, 5171429
What are the prime factors of 469495815?
3, 5, 79, 396199
What are the prime factors of 522195398?
2, 261097699
What are the prime factors of 651985051?
651985051
What are the prime factors of 2584298069?
857, 3015517
What are the prime factors of 8132319931?
31, 251, 1045151
List the prime factors of 604323045.
3, 5, 23, 191, 1019
What are the prime factors of 38366649?
3, 607, 2341
List the prime factors of 161820410.
2, 5, 23, 67, 10501
List the prime factors of 1268050414.
2, 634025207
What are the prime factors of 76159123?
257, 401, 739
List the prime factors of 109665216.
2, 3, 190391
List the prime factors of 899284348.
2, 103, 1033, 2113
What are the prime factors of 855320036?
2, 19, 491, 22921
List the prime factors of 6469247633.
6469247633
What are the prime factors of 87446390?
2, 5, 67, 130517
List the prime factors of 199894472.
2, 23, 131, 8293
List the prime factors of 193321772.
2, 7, 29, 238081
List the prime factors of 236517821.
17, 317, 43889
List the prime factors of 111044432.
2, 6940277
What are the prime factors of 445912882?
2, 222956441
List the prime factors of 49022735.
5, 9804547
What are the prime factors of 22886964?
2, 3, 17, 37397
What are the prime factors of 23409175?
5, 349, 2683
What are the prime factors of 72945163?
72945163
What are the prime factors of 12879472?
2, 17, 47351
List the prime factors of 62996670.
2, 3, 5, 11, 21211
List the prime factors of 819618158.
2, 73, 887, 6329
List the prime factors of 53761247.
677, 79411
What are the prime factors of 166664800?
2, 5, 181, 1151
What are the prime factors of 144082027?
107, 193, 6977
What are the prime factors of 11348418?
2, 3, 17, 31, 37, 97
What are the prime factors of 161956830?
2, 3, 5, 7, 47, 61, 269
List the prime factors of 71948426.
2, 11, 3270383
List the prime factors of 104338330.
2, 5, 10433833
What are the prime factors of 4530851810?
2, 5, 31, 53, 275767
What are the prime factors of 904504239?
3, 41, 272359
What are the prime factors of 29508170?
2, 5, 2950817
What are the prime factors of 1215397030?
2, 5, 41, 2964383
List the prime factors of 641735373.
3, 213911791
List the prime factors of 290716233.
3, 31, 709, 4409
List the prime factors of 38795976.
2, 3, 43, 4177
List the prime factors of 4153802635.
5, 271, 439, 6983
List the prime factors of 65425659.
3, 13, 173, 9697
What are the prime factors of 51308909?
101, 508009
List the prime factors of 62614523.
62614523
What are the prime factors of 4112756467?
17, 193, 569, 2203
List the prime factors of 342543592.
2, 29, 617, 2393
List the prime factors of 402164668.
2, 79, 1272673
List the prime factors of 52145449.
52145449
What are the prime factors of 252511703?
252511703
What are the prime factors of 277817093?
383, 725371
List the prime factors of 6659178552.
2, 3, 13, 73, 97459
List the prime factors of 56069506.
2, 43, 651971
What are the prime factors of 11422759?
17, 251, 2677
What are the prime factors of 1342609650?
2, 3, 5, 67, 44531
What are the prime factors of 4070545609?
13, 313118893
List the prime factors of 570985274.
2, 1847, 154571
List the prime factors of 503953157.
3271, 154067
List the prime factors of 13189569.
3, 17, 107, 2417
List the prime factors of 675693989.
2011, 335999
What are the prime factors of 78935043?
3, 11, 47, 50893
What are the prime factors of 4185385?
5, 837077
What are the prime factors of 53156426?
2, 26578213
List the prime factors of 998368180.
2, 5, 17, 89, 32993
What are the prime factors of 732610799?
149, 32999
What are the prime factors of 138599353?
149, 930197
List the prime factors of 8022575457.
3, 13, 29, 2364449
What are the prime factors of 1044467274?
2, 3, 174077879
List the prime factors of 418005754.
2, 209002877
List the prime factors of 184126884.
2, 3, 107, 143401
What are the prime factors of 296164795?
5, 53, 1117603
What are the prime factors of 262672347?
3, 7, 12508207
What are the prime factors of 116294580?
2, 3, 5, 67, 9643
What are the prime factors of 2222205602?
2, 569, 1952729
What are the prime factors of 466931700?
2, 3, 5, 518813
List the prime factors of 124468765.
5, 24893753
What are the prime factors of 2552065757?
919, 2777003
List the prime factors of 49504443.
3, 19, 101, 8599
List the prime factors of 2432082219.
3, 7, 16544777
List the prime factors of 134522914.
2, 83, 810379
What are the prime factors of 1114177728?
2, 3, 1283, 4523
What are the prime factors of 30823550?
2, 5, 17, 36263
List the prime factors of 8700988.
2, 2175247
What are the prime factors of 1142249117?
1142249117
List the prime factors of 713439819.
3, 8807899
List the prime factors of 248294006.
2, 3221, 38543
What are the prime factors of 20965256?
2, 13, 201589
What are the prime factors of 34683967?
1117, 31051
What are the prime factors of 29414648?
2, 3676831
What are the prime factors of 21824481?
3, 7, 17, 113, 541
What are the prime factors of 2506222433?
11, 13, 17, 83, 12421
What are the prime factors of 233822281?
7, 11, 397, 7649
What are the prime factors of 3289305838?
2, 7, 13, 421, 42929
List the prime factors of 128987959.
17, 149, 50923
What are the prime factors of 4265025397?
269, 15855113
List the prime factors of 93294585.
3, 5, 230357
What are the prime factors of 81535762?
2, 7, 11, 29, 18257
List the prime factors of 139094882.
2, 69547441
What are the prime factors of 1491956122?
2, 43, 127, 136601
What are the prime factors of 151330580?
2, 5, 83, 91163
List the prime factors of 260437664.
2, 8138677
What are the prime factors of 100387305?
3, 5, 2230829
List the prime factors of 1953710993.
13, 47, 3197563
List the prime factors of 149428327.
127, 1176601
What are the prime factors of 59054316?
2, 3, 233, 21121
List the prime factors of 275966890.
2, 5, 359, 76871
What are the prime factors of 722617964?
2, 180654491
List the prime factors of 519275998.
2, 43, 6038093
List the prime factors of 22532543.
11, 2048413
What are the prime factors of 5148922560?
2, 3, 5, 5363461
What are the prime factors of 712491719?
712491719
List the prime factors of 71590799.
7, 89, 114913
List the prime factors of 92813446.
2, 11, 4218793
List the prime factors of 780100839.
3, 7, 1433, 8641
List the prime factors of 60601189.
11, 47, 251, 467
List the prime factors of 2789118513.
3, 309902057
List the prime factors of 1040700.
2, 3, 5, 3469
List the prime factors of 4395540673.
4395540673
List the prime factors of 210901478.
2, 105450739
What are the prime factors of 459496057?
19, 229, 105607
What are the prime factors of 1186985413?
1186985413
What are the prime factors of 2224376670?
2, 3, 5, 43, 103, 16741
List the prime factors of 6708371744.
2, 59, 3553163
List the prime factors of 324753152.
2, 1268567
What are the prime factors of 4959759075?
3, 5, 29, 191, 11939
List the prime factors of 64444681.
7, 1709, 5387
List the prime factors of 111523732.
2, 27880933
List the prime factors of 4319641011.
3, 7, 373, 78781
What are the prime factors of 63915793?
63915793
What are the prime factors of 4570870751?
11087, 412273
What are the prime factors of 16116036?
2, 3, 1343003
List the prime factors of 204146857.
204146857
List the prime factors of 706987603.
7, 1901, 53129
List the prime factors of 184135111.
184135111
What are the prime factors of 1101414648?
2, 3,